{"id":14,"date":"2010-11-09T00:11:34","date_gmt":"2010-11-09T00:11:34","guid":{"rendered":"http:\/\/www.verklaro.tv\/no&#038;ca\/?page_id=14"},"modified":"2013-03-25T19:36:10","modified_gmt":"2013-03-25T19:36:10","slug":"servicos","status":"publish","type":"page","link":"https:\/\/www.verklaro.tv\/no&ca\/servicos\/","title":{"rendered":"Servi\u00e7os"},"content":{"rendered":"<ul>\n<li>A verklaro disponibiliza servi\u00e7os de apoio a eventos.<\/li>\n<\/ul>\n<ul>\n<li>Fotografia\/Video<\/li>\n<li>Animadores<\/li>\n<li>Insuflaveis<\/li>\n<li>Decora\u00e7\u00e3o<\/li>\n<li>Aluguer de pufs<\/li>\n<li>Som<\/li>\n<li>DJ<\/li>\n<li>Karaoke<\/li>\n<li>Audio Visuais<\/li>\n<li>Projectores de Video<\/li>\n<li>Fogo de Artif\u00edcio<\/li>\n<li>Apresenta\u00e7\u00f5es Multim\u00e9dia<\/li>\n<li>\u2026.<\/li>\n<\/ul>\n<ul>\n<li>Vai organizar uma festa e necessita de anima\u00e7\u00e3o m\u00fasical,\u00a0 ou aluguer de equipamento n\u00f3s temos a solu\u00e7\u00e3o.<\/li>\n<li>Precisa de bal\u00f5es para decorar ou simplesmente largar na sua festa n\u00f3s trataremos desse servi\u00e7o sem que tenha que se preocupar.<\/li>\n<li>A diversidade de servi\u00e7os que podemos prestar \u00e9 tanta que n\u00e3o \u00e9 pr\u00e1tico colocar neste site informa\u00e7\u00e3o detalhada.<\/li>\n<li>Solicitamos que nos contactem pelo canal que julgarem mais adquado apresentando a vossa ideia ou pedido de or\u00e7amento.<\/li>\n<li>Em alguns casos fornecemos servi\u00e7os para terceiros a pre\u00e7os de revenda como \u00e9 o caso do video e anima\u00e7\u00e3o entre outros, Contactem-nos dando essa informa\u00e7\u00e3o e pedindo cota\u00e7\u00e3o.<\/li>\n<\/ul>\n<p>&nbsp;<\/p>\n<div class=\"al2fb_like_button\"><div id=\"fb-root\"><\/div><script type=\"text\/javascript\">\n(function(d, s, id) {\n  var js, fjs = d.getElementsByTagName(s)[0];\n  if (d.getElementById(id)) return;\n  js = d.createElement(s); js.id = id;\n  js.src = \"\/\/connect.facebook.net\/pt_PT\/all.js#xfbml=1&appId=correio@verklaro.tv\";\n  fjs.parentNode.insertBefore(js, fjs);\n}(document, \"script\", \"facebook-jssdk\"));\n<\/script>\n<fb:like href=\"https:\/\/www.verklaro.tv\/no&ca\/servicos\/\" layout=\"standard\" show_faces=\"true\" share=\"false\" width=\"450\" action=\"recommend\" font=\"arial\" colorscheme=\"light\" ref=\"AL2FB\"><\/fb:like><\/div>","protected":false},"excerpt":{"rendered":"<p>A verklaro disponibiliza servi\u00e7os de apoio a eventos. Fotografia\/Video Animadores Insuflaveis Decora\u00e7\u00e3o Aluguer de pufs Som DJ Karaoke Audio Visuais Projectores de Video Fogo de Artif\u00edcio Apresenta\u00e7\u00f5es Multim\u00e9dia \u2026. Vai organizar uma festa e necessita de anima\u00e7\u00e3o m\u00fasical,\u00a0 ou aluguer &hellip; <a href=\"https:\/\/www.verklaro.tv\/no&#038;ca\/servicos\/\">Continuar a ler <span class=\"meta-nav\">&rarr;<\/span><\/a><\/p>\n","protected":false},"author":2,"featured_media":0,"parent":0,"menu_order":4,"comment_status":"closed","ping_status":"closed","template":"onecolumn-page.php","meta":{"footnotes":""},"class_list":["post-14","page","type-page","status-publish","hentry"],"_links":{"self":[{"href":"https:\/\/www.verklaro.tv\/no&ca\/wp-json\/wp\/v2\/pages\/14","targetHints":{"allow":["GET"]}}],"collection":[{"href":"https:\/\/www.verklaro.tv\/no&ca\/wp-json\/wp\/v2\/pages"}],"about":[{"href":"https:\/\/www.verklaro.tv\/no&ca\/wp-json\/wp\/v2\/types\/page"}],"author":[{"embeddable":true,"href":"https:\/\/www.verklaro.tv\/no&ca\/wp-json\/wp\/v2\/users\/2"}],"replies":[{"embeddable":true,"href":"https:\/\/www.verklaro.tv\/no&ca\/wp-json\/wp\/v2\/comments?post=14"}],"version-history":[{"count":9,"href":"https:\/\/www.verklaro.tv\/no&ca\/wp-json\/wp\/v2\/pages\/14\/revisions"}],"predecessor-version":[{"id":101,"href":"https:\/\/www.verklaro.tv\/no&ca\/wp-json\/wp\/v2\/pages\/14\/revisions\/101"}],"wp:attachment":[{"href":"https:\/\/www.verklaro.tv\/no&ca\/wp-json\/wp\/v2\/media?parent=14"}],"curies":[{"name":"wp","href":"https:\/\/api.w.org\/{rel}","templated":true}]}}

Serviços

<ul>
<li>A verklaro disponibiliza serviços de apoio a eventos.</li>
</ul>
<ul>
<li>Fotografia/Video</li>
<li>Animadores</li>
<li>Insuflaveis</li>
<li>Decoração</li>
<li>Aluguer de pufs</li>
<li>Som</li>
<li>DJ</li>
<li>Karaoke</li>
<li>Audio Visuais</li>
<li>Projectores de Video</li>
<li>Fogo de Artifício</li>
<li>Apresentações Multimédia</li>
<li>….</li>
</ul>
<ul>
<li>Vai organizar uma festa e necessita de animação músical,  ou aluguer de equipamento nós temos a solução.</li>
<li>Precisa de balões para decorar ou simplesmente largar na sua festa nós trataremos desse serviço sem que tenha que se preocupar.</li>
<li>A diversidade de serviços que podemos prestar é tanta que não é prático colocar neste site informação detalhada.</li>
<li>Solicitamos que nos contactem pelo canal que julgarem mais adquado apresentando a vossa ideia ou pedido de orçamento.</li>
<li>Em alguns casos fornecemos serviços para terceiros a preços de revenda como é o caso do video e animação entre outros, Contactem-nos dando essa informação e pedindo cotação.</li>
</ul>
<p>&nbsp;</p>
<div class="al2fb_like_button"><div id="fb-root"></div><script type="text/javascript">
(function(d, s, id) {
  var js, fjs = d.getElementsByTagName(s)[0];
  if (d.getElementById(id)) return;
  js = d.createElement(s); js.id = id;
  js.src = "//connect.facebook.net/pt_PT/all.js#xfbml=1&appId=correio@verklaro.tv";
  fjs.parentNode.insertBefore(js, fjs);
}(document, "script", "facebook-jssdk"));
</script>
<fb:like href="https://www.verklaro.tv/no&ca/servicos/" layout="standard" show_faces="true" share="false" width="450" action="recommend" font="arial" colorscheme="light" ref="AL2FB"></fb:like></div>

<p>A verklaro disponibiliza serviços de apoio a eventos. Fotografia/Video Animadores Insuflaveis Decoração Aluguer de pufs Som DJ Karaoke Audio Visuais Projectores de Video Fogo de Artifício Apresentações Multimédia …. Vai organizar uma festa e necessita de animação músical,  ou aluguer &hellip; <a href="https://www.verklaro.tv/no&#038;ca/servicos/">Continuar a ler <span class="meta-nav">&rarr;</span></a></p>
