{"id":18,"date":"2010-11-09T00:13:51","date_gmt":"2010-11-09T00:13:51","guid":{"rendered":"http:\/\/www.verklaro.tv\/no&#038;ca\/?page_id=18"},"modified":"2015-12-02T21:51:40","modified_gmt":"2015-12-02T21:51:40","slug":"casamentos","status":"publish","type":"page","link":"https:\/\/www.verklaro.tv\/no&ca\/casamentos\/","title":{"rendered":"Casamentos"},"content":{"rendered":"<ul>\n<li>Acess\u00f3rios<\/li>\n<li>Anima\u00e7\u00e3o<\/li>\n<li>Bonecos de noivos<\/li>\n<li>Brindes<\/li>\n<li>Convites<\/li>\n<li>Papel<\/li>\n<li>Lembran\u00e7as<\/li>\n<li>Video<\/li>\n<li>Fotografia<\/li>\n<li>Catering<\/li>\n<li>&#8230; &#8230; &#8230;<\/li>\n<li>Tudo o que necessita para o seu casamento num \u00fanico local e a pre\u00e7os acess\u00edveis.<\/li>\n<li>Fazemos a organiza\u00e7\u00e3o total do casamento.<\/li>\n<\/ul>\n<div class=\"al2fb_like_button\"><div id=\"fb-root\"><\/div><script type=\"text\/javascript\">\n(function(d, s, id) {\n  var js, fjs = d.getElementsByTagName(s)[0];\n  if (d.getElementById(id)) return;\n  js = d.createElement(s); js.id = id;\n  js.src = \"\/\/connect.facebook.net\/pt_PT\/all.js#xfbml=1&appId=correio@verklaro.tv\";\n  fjs.parentNode.insertBefore(js, fjs);\n}(document, \"script\", \"facebook-jssdk\"));\n<\/script>\n<fb:like href=\"https:\/\/www.verklaro.tv\/no&ca\/casamentos\/\" layout=\"standard\" show_faces=\"true\" share=\"false\" width=\"450\" action=\"recommend\" font=\"arial\" colorscheme=\"light\" ref=\"AL2FB\"><\/fb:like><\/div>","protected":false},"excerpt":{"rendered":"<p>Acess\u00f3rios Anima\u00e7\u00e3o Bonecos de noivos Brindes Convites Papel Lembran\u00e7as Video Fotografia Catering &#8230; &#8230; &#8230; Tudo o que necessita para o seu casamento num \u00fanico local e a pre\u00e7os acess\u00edveis. Fazemos a organiza\u00e7\u00e3o total do casamento.<\/p>\n","protected":false},"author":1,"featured_media":429,"parent":0,"menu_order":1,"comment_status":"closed","ping_status":"closed","template":"","meta":{"footnotes":""},"class_list":["post-18","page","type-page","status-publish","has-post-thumbnail","hentry"],"_links":{"self":[{"href":"https:\/\/www.verklaro.tv\/no&ca\/wp-json\/wp\/v2\/pages\/18","targetHints":{"allow":["GET"]}}],"collection":[{"href":"https:\/\/www.verklaro.tv\/no&ca\/wp-json\/wp\/v2\/pages"}],"about":[{"href":"https:\/\/www.verklaro.tv\/no&ca\/wp-json\/wp\/v2\/types\/page"}],"author":[{"embeddable":true,"href":"https:\/\/www.verklaro.tv\/no&ca\/wp-json\/wp\/v2\/users\/1"}],"replies":[{"embeddable":true,"href":"https:\/\/www.verklaro.tv\/no&ca\/wp-json\/wp\/v2\/comments?post=18"}],"version-history":[{"count":13,"href":"https:\/\/www.verklaro.tv\/no&ca\/wp-json\/wp\/v2\/pages\/18\/revisions"}],"predecessor-version":[{"id":195,"href":"https:\/\/www.verklaro.tv\/no&ca\/wp-json\/wp\/v2\/pages\/18\/revisions\/195"}],"wp:featuredmedia":[{"embeddable":true,"href":"https:\/\/www.verklaro.tv\/no&ca\/wp-json\/wp\/v2\/media\/429"}],"wp:attachment":[{"href":"https:\/\/www.verklaro.tv\/no&ca\/wp-json\/wp\/v2\/media?parent=18"}],"curies":[{"name":"wp","href":"https:\/\/api.w.org\/{rel}","templated":true}]}}