{"id":20,"date":"2010-11-09T00:16:06","date_gmt":"2010-11-09T00:16:06","guid":{"rendered":"http:\/\/www.verklaro.tv\/no&#038;ca\/?page_id=20"},"modified":"2015-12-02T21:50:29","modified_gmt":"2015-12-02T21:50:29","slug":"contactos","status":"publish","type":"page","link":"https:\/\/www.verklaro.tv\/no&ca\/contactos\/","title":{"rendered":"Contactos"},"content":{"rendered":"<p>&nbsp;<\/p>\n<p>Visite-nos!<\/p>\n<p>Realizamos trabalhos em todo o pa\u00eds.<\/p>\n<p>Se tiver alguma d\u00favida ou pretender um\u00a0or\u00e7amento, deixe o seu contacto que n\u00f3s faremos tudo para tornar poss\u00edvel o seu sonho de um dia feliz!<\/p>\n<p>E-mail: <a href=\"mailto:lojavk@verklaro.tv\">loja@verklaro.tv<\/a> ou verklaro@gmail.com<\/p>\n<p>Telem\u00f3vel: \u00a0 \u00a0 931 668 669 \u00a0 \u00a0(at\u00e9 \u00e0s 24.00)<\/p>\n<div class=\"al2fb_like_button\"><div id=\"fb-root\"><\/div><script type=\"text\/javascript\">\n(function(d, s, id) {\n  var js, fjs = d.getElementsByTagName(s)[0];\n  if (d.getElementById(id)) return;\n  js = d.createElement(s); js.id = id;\n  js.src = \"\/\/connect.facebook.net\/pt_PT\/all.js#xfbml=1&appId=correio@verklaro.tv\";\n  fjs.parentNode.insertBefore(js, fjs);\n}(document, \"script\", \"facebook-jssdk\"));\n<\/script>\n<fb:like href=\"https:\/\/www.verklaro.tv\/no&ca\/contactos\/\" layout=\"standard\" show_faces=\"true\" share=\"false\" width=\"450\" action=\"recommend\" font=\"arial\" colorscheme=\"light\" ref=\"AL2FB\"><\/fb:like><\/div>","protected":false},"excerpt":{"rendered":"<p>&nbsp; Visite-nos! Realizamos trabalhos em todo o pa\u00eds. Se tiver alguma d\u00favida ou pretender um\u00a0or\u00e7amento, deixe o seu contacto que n\u00f3s faremos tudo para tornar poss\u00edvel o seu sonho de um dia feliz! E-mail: loja@verklaro.tv ou verklaro@gmail.com Telem\u00f3vel: \u00a0 \u00a0 &hellip; <a href=\"https:\/\/www.verklaro.tv\/no&#038;ca\/contactos\/\">Continuar a ler <span class=\"meta-nav\">&rarr;<\/span><\/a><\/p>\n","protected":false},"author":2,"featured_media":0,"parent":0,"menu_order":9,"comment_status":"closed","ping_status":"closed","template":"","meta":{"footnotes":""},"class_list":["post-20","page","type-page","status-publish","hentry"],"_links":{"self":[{"href":"https:\/\/www.verklaro.tv\/no&ca\/wp-json\/wp\/v2\/pages\/20","targetHints":{"allow":["GET"]}}],"collection":[{"href":"https:\/\/www.verklaro.tv\/no&ca\/wp-json\/wp\/v2\/pages"}],"about":[{"href":"https:\/\/www.verklaro.tv\/no&ca\/wp-json\/wp\/v2\/types\/page"}],"author":[{"embeddable":true,"href":"https:\/\/www.verklaro.tv\/no&ca\/wp-json\/wp\/v2\/users\/2"}],"replies":[{"embeddable":true,"href":"https:\/\/www.verklaro.tv\/no&ca\/wp-json\/wp\/v2\/comments?post=20"}],"version-history":[{"count":17,"href":"https:\/\/www.verklaro.tv\/no&ca\/wp-json\/wp\/v2\/pages\/20\/revisions"}],"predecessor-version":[{"id":653,"href":"https:\/\/www.verklaro.tv\/no&ca\/wp-json\/wp\/v2\/pages\/20\/revisions\/653"}],"wp:attachment":[{"href":"https:\/\/www.verklaro.tv\/no&ca\/wp-json\/wp\/v2\/media?parent=20"}],"curies":[{"name":"wp","href":"https:\/\/api.w.org\/{rel}","templated":true}]}}